(-6). Suppose -4*l - 14 = -z, -2 + c = 2*z - 3*l. What is the remainder when 29 is divided by z?
9
Let n be 0*3/6*-1. Suppose -j = 4*j + 15, -3*i - 4*j - 18 = n. Calculate the remainder when (i + 0)/(5/(-15)) is divided by 2.
0
Let k(w) = -w**3 - 14*w**2 + 29*w + 55. Calculate the remainder when k(-17) is divided by 87.
81
Let y = -191 - -244. Suppose -15 = -3*f + 5*d + 79, -5*d + 46 = 2*f. Calculate the remainder when y is divided by f.
25
Let y be 4/(-3) - (-5)/15. Calculate the remainder when 1 + (-80)/5*y is divided by 4.
1
Suppose 7 + 2 = 3*k. Suppose k*n - 2 = n + 2*b, -3*n + 2*b + 5 = 0. Suppose 2*f = -n*f + 105. Calculate the remainder when 60 is divided by f.
18
Let w(u) = -16*u - 137. What is the remainder when w(-13) is divided by 26?
19
Suppose 43*d - 36 = 42*d. Calculate the remainder when 106 is divided by d.
34
Let w(p) = p**3 - p**2 - p + 5. Let d be w(0). Suppose -32 = t - d*t. What is the remainder when 27 is divided by t?
3
Let g = -143 + 141. Suppose 5*u - 36 = 14. What is the remainder when u is divided by 0 + (3 + -5 - g*3)?
2
Let u = 267 - 184. Let m(o) = -7*o**3 + 3*o**2. Let w be m(2). Let x = w + u. What is the remainder when x is divided by 10?
9
Suppose -4*n - 191 = -0*n - 5*o, 0 = -2*n + 4*o - 100. Let y = 13 + n. Let v = 86 + y. What is the remainder when v is divided by 14?
13
Suppose 4*d - 65 = 3*d. Calculate the remainder when d is divided by (-4)/(-6) + 6633/297.
19
Suppose 222 = 4*d - 2*n - 2, 5*d - 2*n - 278 = 0. Calculate the remainder when d is divided by 51.
3
Let a(h) = -7*h**3 + h**2 + h + 1. Let l = -472 - -501. What is the remainder when l is divided by a(-1)?
5
Let f(x) = -x**3 + 34*x**2 + 41*x - 61. Calculate the remainder when f(35) is divided by 10.
9
Suppose 2*t - 15 = 25. What is the remainder when 71 is divided by t?
11
Let z be (-8)/(-36) - (-696)/27. Suppose 5*u = 39 + z. Calculate the remainder when 49 is divided by u.
10
Suppose -4*q = -m - 3*m - 20, -4*q - 4*m - 4 = 0. Let w = 6 + q. Suppose -5*r + w = -2. Calculate the remainder when r is divided by 1.
0
Suppose -53*p = -4960 + 84. What is the remainder when p is divided by 31?
30
Let o = -249 - -255. What is the remainder when 11 is divided by o?
5
Let v(o) = -o**2 - o + 1. Let s(t) = -2*t**2 + 10*t - 5. Let g(d) = s(d) - v(d). What is the remainder when 65 is divided by g(4)?
21
Let q be 260/4 + 6 - (-1 - -1). Let t = 78 - q. Calculate the remainder when 11 is divided by t.
4
What is the remainder when 234 is divided by (-21 + -1)/(63/(-63))?
14
Let y(g) = 6*g + 39. Let i(a) = -3*a - 19. Let m(w) = -11*i(w) - 6*y(w). What is the remainder when 14 is divided by m(-11)?
6
Suppose 0 = 2*m - 3*v - 84, -3*m + 210 = 2*m - 5*v. Calculate the remainder when 162 is divided by m.
36
What is the remainder when (-4179)/(-15) + -3 + 34/10 is divided by 40?
39
What is the remainder when 55 is divided by (-10)/2 - (-299)/23?
7
Suppose 240 = 1172*r - 1164*r. Calculate the remainder when 509 is divided by r.
29
Suppose -7*z + 115 = 24. Calculate the remainder when 16 is divided by z.
3
Let f(h) = 13 - 11 - 8*h + 9*h - 49*h. Calculate the remainder when f(-1) is divided by 17.
16
Suppose -16*p + 5*p = 33. What is the remainder when (-3)/(3/393*p) is divided by 12?
11
Let k = 178 - 52. Suppose 0*s + 3*s - k = 0. Calculate the remainder when s is divided by 15.
12
Let o = 267 - 61. What is the remainder when o is divided by 52?
50
Suppose l - 32 = -4*w + 4*l, 2 = 2*w + 2*l. Suppose 5*s = 4*f - 46, -w*f + 3*s + 44 + 20 = 0. Calculate the remainder when 96 is divided by f.
12
Let u(z) = -2*z**3 + 3*z**2 - 4*z + 1. Let x be u(3). Let c = 73 + x. Calculate the remainder when c is divided by 12.
11
Let j(q) be the first derivative of q**2/2 + 24*q + 24. Suppose 0 = -3*d + 2*k + 63, d + 121 = 6*d + 2*k. What is the remainder when d is divided by j(-16)?
7
Let o(h) = -h**2 + 6*h - 1. Let w = 95 - 72. What is the remainder when w is divided by o(4)?
2
Let q = -128 - -170. What is the remainder when 159 is divided by q?
33
Let t(z) = 16*z - 19. Let o = 11 + 1. What is the remainder when t(4) is divided by o?
9
Let i(x) = -x**3 - 4*x**2 + 3*x - 7. Let p be i(-5). Let d(g) = 4*g + 1. Calculate the remainder when 50 is divided by d(p).
11
What is the remainder when 56 is divided by (-4)/((-10 + -8)/9)?
0
Suppose 4*d - 6*b = -3*b + 285, b = 5. Let h = d - -85. What is the remainder when h is divided by 27?
25
Let b(f) = 35*f + 9. Calculate the remainder when 277 is divided by b(0).
7
Suppose 24 = -3*x + 5*x - 2*s, -22 = -x + 3*s. Let f = -24 - -16. Calculate the remainder when (-25)/(-2) - (-4)/f is divided by x.
5
Let o = -304 - -335. What is the remainder when o is divided by 11?
9
Let a = -4 + 41. Let h be (-3)/12*2*-48. Suppose 22*j = h*j - 26. Calculate the remainder when a is divided by j.
11
Suppose 0 = a - 21 - 30. Calculate the remainder when (-812)/10*(-135)/54 is divided by a.
50
Suppose -217 = -6*t - 73. What is the remainder when 61 is divided by t?
13
Suppose 3*w - 2 = -m, -30 = -5*w + m + 4*m. Suppose 5*q - 9 = 4*n, -w*q - 5 = -4*n + 1. Calculate the remainder when 2/(-6) + (-80)/(-6) is divided by q.
3
Let c = 5 - -15. Calculate the remainder when c is divided by 13.
7
Let g = 264 + -217. Calculate the remainder when 178 is divided by g.
37
Let t = 32 - 64. Let k = -11 - t. Let l = k - 9. Calculate the remainder when 45 is divided by l.
9
Let v = -9 - 8. What is the remainder when ((-2)/5)/(4/(-500)) is divided by v/(-2)*(14 - 12)?
16
Let h = 20 + -35. What is the remainder when (-1146)/(-24) - (1 + h/12) is divided by 13?
9
Let d(b) = 3*b - 7. Let x be d(3). Suppose x*n = 2*a + 10, a - 5*n = 6*a - 15. What is the remainder when 61 is divided by a/(-3)*(55 + -7)?
13
Let h be 236/8 - (-1)/2. Suppose -15*c + 6*c = 90. Calculate the remainder when (c/h)/((-2)/138) is divided by 12.
11
Calculate the remainder when 7 is divided by 6/(-16) - (-531)/(-144)*-2.
0
Suppose -5*c + 9*c = 12. Let t = -3 + c. Suppose 2*o - 54 = -t*o. Calculate the remainder when o is divided by 7.
6
Suppose 250 = 5*y + 5*o, -y + o = -0*y - 48. Let q = 53 + -40. Suppose -23*j + 22*j = -q. What is the remainder when y is divided by j?
10
Let h(j) = -28*j + 308. What is the remainder when h(5) is divided by 59?
50
Suppose -11*v + 114 = -436. What is the remainder when 169 is divided by v?
19
Let r be 10 + -7 + 1 + 33. Suppose -98 = -15*p + r. Suppose -5*o - 4*z = -31 - 2, 0 = o + 4*z - 13. What is the remainder when p is divided by o?
4
Suppose 4*t + 3*v = 153, 3*t + 0*t - 136 = 2*v. Suppose -2*i = -5*i + t. What is the remainder when i is divided by 6?
2
Let a = -1893 + 2222. What is the remainder when a is divided by 24?
17
Calculate the remainder when (-141)/(-1)*12/18 is divided by (-2)/(-7) + 262/14.
18
Suppose 2052*g = 2057*g - 340. Calculate the remainder when 336 is divided by g.
64
Suppose 4*v - 496 = -0*v. Suppose k + 3*k - v = 0. What is the remainder when k is divided by 11?
9
Calculate the remainder when -2*(-4)/((-24)/(-105)) is divided by 4/30 + (-1072)/(-60).
17
What is the remainder when 330 is divided by ((-153)/(-27))/((6/(-45))/(-2))?
75
Let w(j) = j**2 - 11*j - 51. What is the remainder when w(-10) is divided by 32?
31
Let c(n) = 6*n + 111. Calculate the remainder when 87 is divided by c(-16).
12
Suppose n = -5*y - 19 - 7, 3*y + 12 = 3*n. Let k(x) = 4*x + 25. Calculate the remainder when 28 is divided by k(y).
3
Suppose 51*k - 6391 = -32*k. Calculate the remainder when k is divided by 69.
8
Let u(n) = n**3 + 2*n**2 - 17*n - 1. Calculate the remainder when (-466)/(-22) + (-10)/55 is divided by u(-5).
3
Let g = 105 + -49. Let z(r) = r**2 + 40*r + 74. What is the remainder when g is divided by z(-39)?
21
Let v(o) = -2*o**3 + 53*o**2 + 26*o + 32. Calculate the remainder when 122 is divided by v(27).
2
Suppose -195 = 11*w + 4*w. Calculate the remainder when 127 is divided by 2 + 0 - -1 - (-36 - w).
23
Suppose -2*p = 4*a - 4, 0*a - 3 = -p - a. Calculate the remainder when 0 + (p - -1 - 3) - -17 is divided by 8.
3
Let r(c) = 2*c**2 + 50*c + 23. Calculate the remainder when 30 is divided by r(-25).
7
Let m = 5 - -2. Let o(z) = z**2 - 5*z - 12. Let t be o(m). Suppose 2*f - 4 = -t. What is the remainder when 3 is divided by f?
0
Let l = -210 + 211. Calculate the remainde